{"id":155,"date":"2023-05-03T21:27:18","date_gmt":"2023-05-03T21:27:18","guid":{"rendered":"https:\/\/taxi-ebersberg.de\/?page_id=155"},"modified":"2023-05-04T06:44:48","modified_gmt":"2023-05-04T06:44:48","slug":"dienstleistungen","status":"publish","type":"page","link":"https:\/\/taxi-ebersberg.de\/?page_id=155","title":{"rendered":"Dienstleistungen"},"content":{"rendered":"\t\t<div data-elementor-type=\"wp-page\" data-elementor-id=\"155\" class=\"elementor elementor-155\">\n\t\t\t\t\t\t<section class=\"elementor-section elementor-top-section elementor-element elementor-element-3b320e04 elementor-section-full_width elementor-section-stretched elementor-section-height-default elementor-section-height-default\" data-id=\"3b320e04\" data-element_type=\"section\" data-e-type=\"section\" data-settings=\"{&quot;stretch_section&quot;:&quot;section-stretched&quot;,&quot;background_background&quot;:&quot;classic&quot;}\">\n\t\t\t\t\t\t<div class=\"elementor-container elementor-column-gap-default\">\n\t\t\t\t\t<div class=\"elementor-column elementor-col-100 elementor-top-column elementor-element elementor-element-6d5cfbbd\" data-id=\"6d5cfbbd\" data-element_type=\"column\" data-e-type=\"column\">\n\t\t\t<div class=\"elementor-widget-wrap elementor-element-populated\">\n\t\t\t\t\t\t<div class=\"elementor-element elementor-element-7560c07f elementor-widget elementor-widget-elementskit-heading\" data-id=\"7560c07f\" data-element_type=\"widget\" data-e-type=\"widget\" data-widget_type=\"elementskit-heading.default\">\n\t\t\t\t<div class=\"elementor-widget-container\">\n\t\t\t\t\t<div class=\"ekit-wid-con\" ><div class=\"ekit-heading elementskit-section-title-wraper text_center   ekit_heading_tablet-   ekit_heading_mobile-\"><h2 class=\"ekit-heading--title elementskit-section-title \">Dienstleistungen<\/h2><\/div><\/div>\t\t\t\t<\/div>\n\t\t\t\t<\/div>\n\t\t\t\t<section class=\"elementor-section elementor-inner-section elementor-element elementor-element-4ac281a7 elementor-section-boxed elementor-section-height-default elementor-section-height-default\" data-id=\"4ac281a7\" data-element_type=\"section\" data-e-type=\"section\">\n\t\t\t\t\t\t<div class=\"elementor-container elementor-column-gap-default\">\n\t\t\t\t\t<div class=\"elementor-column elementor-col-33 elementor-inner-column elementor-element elementor-element-76e01a73\" data-id=\"76e01a73\" data-element_type=\"column\" data-e-type=\"column\">\n\t\t\t<div class=\"elementor-widget-wrap elementor-element-populated\">\n\t\t\t\t\t\t<div class=\"elementor-element elementor-element-45ca128c ekit-equal-height-disable elementor-widget elementor-widget-elementskit-icon-box\" data-id=\"45ca128c\" data-element_type=\"widget\" data-e-type=\"widget\" data-widget_type=\"elementskit-icon-box.default\">\n\t\t\t\t<div class=\"elementor-widget-container\">\n\t\t\t\t\t<div class=\"ekit-wid-con\" >        <!-- link opening -->\n                <a href=\"#\" class=\"ekit_global_links\">\n                <!-- end link opening -->\n\n        <div class=\"elementskit-infobox text-center text- icon-lef-right-aligin elementor-animation-   \">\n                        <div class=\"box-body\">\n                            <h3 class=\"elementskit-info-box-title\">\n                    Flughafentransfer                <\/h3>\n                        \t\t  \t<p>Unser Flughafentransfer-Service bietet eine zuverl\u00e4ssige und komfortable M\u00f6glichkeit, um entspannt und p\u00fcnktlich zum Flughafen zu gelangen. Unsere erfahrenen Fahrer holen Sie direkt von Ihrem Standort ab und bringen Sie sicher und schnell zu Ihrem Abflugterminal. Dabei stehen wir Ihnen rund um die Uhr zur Verf\u00fcgung.<\/p>\n                                <\/div>\n        \n        \n                <\/div>\n                <\/a>\n        <\/div>\t\t\t\t<\/div>\n\t\t\t\t<\/div>\n\t\t\t\t\t<\/div>\n\t\t<\/div>\n\t\t\t\t<div class=\"elementor-column elementor-col-33 elementor-inner-column elementor-element elementor-element-13f3a2e9\" data-id=\"13f3a2e9\" data-element_type=\"column\" data-e-type=\"column\">\n\t\t\t<div class=\"elementor-widget-wrap elementor-element-populated\">\n\t\t\t\t\t\t<div class=\"elementor-element elementor-element-0ec3528 ekit-equal-height-disable elementor-widget elementor-widget-elementskit-icon-box\" data-id=\"0ec3528\" data-element_type=\"widget\" data-e-type=\"widget\" data-widget_type=\"elementskit-icon-box.default\">\n\t\t\t\t<div class=\"elementor-widget-container\">\n\t\t\t\t\t<div class=\"ekit-wid-con\" >        <!-- link opening -->\n                <a href=\"#\" class=\"ekit_global_links\">\n                <!-- end link opening -->\n\n        <div class=\"elementskit-infobox text-center text- icon-lef-right-aligin elementor-animation-   \">\n                        <div class=\"box-body\">\n                            <h3 class=\"elementskit-info-box-title\">\n                    Kurierdienste                <\/h3>\n                        \t\t  \t<p>Unsere Kurierdienste bieten eine schnelle und zuverl\u00e4ssige M\u00f6glichkeit, um Pakete oder Dokumente schnell und sicher von A nach B zu bringen. Unser Team ist darauf spezialisiert, Ihre Sendungen termingerecht und sicher an ihr Ziel zu bringen. Dabei sind wir flexibel und passen uns an Ihre individuellen Bed\u00fcrfnisse an.<\/p>\n                                <\/div>\n        \n        \n                <\/div>\n                <\/a>\n        <\/div>\t\t\t\t<\/div>\n\t\t\t\t<\/div>\n\t\t\t\t\t<\/div>\n\t\t<\/div>\n\t\t\t\t<div class=\"elementor-column elementor-col-33 elementor-inner-column elementor-element elementor-element-5770f6d1\" data-id=\"5770f6d1\" data-element_type=\"column\" data-e-type=\"column\">\n\t\t\t<div class=\"elementor-widget-wrap elementor-element-populated\">\n\t\t\t\t\t\t<div class=\"elementor-element elementor-element-4057e15 ekit-equal-height-disable elementor-widget elementor-widget-elementskit-icon-box\" data-id=\"4057e15\" data-element_type=\"widget\" data-e-type=\"widget\" data-widget_type=\"elementskit-icon-box.default\">\n\t\t\t\t<div class=\"elementor-widget-container\">\n\t\t\t\t\t<div class=\"ekit-wid-con\" >        <!-- link opening -->\n                <a href=\"#\" class=\"ekit_global_links\">\n                <!-- end link opening -->\n\n        <div class=\"elementskit-infobox text-center text- icon-lef-right-aligin elementor-animation-   \">\n                        <div class=\"box-body\">\n                            <h3 class=\"elementskit-info-box-title\">\n                    Krankentransport:                <\/h3>\n                        \t\t  \t<p>Unser Krankentransport-Service bietet eine sichere und professionelle M\u00f6glichkeit, um Patienten komfortabel und sicher zu transportieren. Unsere Fahrzeuge sind speziell f\u00fcr den Transport von kranken oder behinderten Menschen ausgestattet und unser Team besteht aus geschultem Personal, das auf die besonderen Bed\u00fcrfnisse von Patienten eingestellt ist. Wir sind 24 Stunden am Tag f\u00fcr Sie da.<\/p>\n                                <\/div>\n        \n        \n                <\/div>\n                <\/a>\n        <\/div>\t\t\t\t<\/div>\n\t\t\t\t<\/div>\n\t\t\t\t\t<\/div>\n\t\t<\/div>\n\t\t\t\t\t<\/div>\n\t\t<\/section>\n\t\t\t\t\t<\/div>\n\t\t<\/div>\n\t\t\t\t\t<\/div>\n\t\t<\/section>\n\t\t\t\t<section class=\"elementor-section elementor-top-section elementor-element elementor-element-02d4352 elementor-section-full_width elementor-section-stretched elementor-section-height-default elementor-section-height-default\" data-id=\"02d4352\" data-element_type=\"section\" data-e-type=\"section\" data-settings=\"{&quot;stretch_section&quot;:&quot;section-stretched&quot;,&quot;background_background&quot;:&quot;classic&quot;}\">\n\t\t\t\t\t\t<div class=\"elementor-container elementor-column-gap-default\">\n\t\t\t\t\t<div class=\"elementor-column elementor-col-100 elementor-top-column elementor-element elementor-element-54953be\" data-id=\"54953be\" data-element_type=\"column\" data-e-type=\"column\">\n\t\t\t<div class=\"elementor-widget-wrap elementor-element-populated\">\n\t\t\t\t\t\t<div class=\"elementor-element elementor-element-9e4b3a2 elementor-widget elementor-widget-spacer\" data-id=\"9e4b3a2\" data-element_type=\"widget\" data-e-type=\"widget\" data-widget_type=\"spacer.default\">\n\t\t\t\t<div class=\"elementor-widget-container\">\n\t\t\t\t\t\t\t<div class=\"elementor-spacer\">\n\t\t\t<div class=\"elementor-spacer-inner\"><\/div>\n\t\t<\/div>\n\t\t\t\t\t\t<\/div>\n\t\t\t\t<\/div>\n\t\t\t\t\t<\/div>\n\t\t<\/div>\n\t\t\t\t\t<\/div>\n\t\t<\/section>\n\t\t\t\t<\/div>\n\t\t","protected":false},"excerpt":{"rendered":"<p>Dienstleistungen Flughafentransfer Unser Flughafentransfer-Service bietet eine zuverl\u00e4ssige und komfortable M\u00f6glichkeit, um entspannt und p\u00fcnktlich zum Flughafen zu gelangen. Unsere erfahrenen Fahrer holen Sie direkt von Ihrem Standort ab und bringen Sie sicher und schnell zu Ihrem Abflugterminal. Dabei stehen wir Ihnen rund um die Uhr zur Verf\u00fcgung. Kurierdienste Unsere Kurierdienste bieten eine schnelle und zuverl\u00e4ssige &hellip; <\/p>\n<p class=\"link-more\"><a href=\"https:\/\/taxi-ebersberg.de\/?page_id=155\" class=\"more-link\">Mehr <span class=\"screen-reader-text\">\u00fcber &#8222;Dienstleistungen&#8220; <\/span>Lesen<\/a><\/p>\n","protected":false},"author":2,"featured_media":0,"parent":0,"menu_order":0,"comment_status":"closed","ping_status":"closed","template":"","meta":{"inspiro_hide_title":false,"footnotes":""},"class_list":["post-155","page","type-page","status-publish","hentry"],"_links":{"self":[{"href":"https:\/\/taxi-ebersberg.de\/index.php?rest_route=\/wp\/v2\/pages\/155","targetHints":{"allow":["GET"]}}],"collection":[{"href":"https:\/\/taxi-ebersberg.de\/index.php?rest_route=\/wp\/v2\/pages"}],"about":[{"href":"https:\/\/taxi-ebersberg.de\/index.php?rest_route=\/wp\/v2\/types\/page"}],"author":[{"embeddable":true,"href":"https:\/\/taxi-ebersberg.de\/index.php?rest_route=\/wp\/v2\/users\/2"}],"replies":[{"embeddable":true,"href":"https:\/\/taxi-ebersberg.de\/index.php?rest_route=%2Fwp%2Fv2%2Fcomments&post=155"}],"version-history":[{"count":7,"href":"https:\/\/taxi-ebersberg.de\/index.php?rest_route=\/wp\/v2\/pages\/155\/revisions"}],"predecessor-version":[{"id":167,"href":"https:\/\/taxi-ebersberg.de\/index.php?rest_route=\/wp\/v2\/pages\/155\/revisions\/167"}],"wp:attachment":[{"href":"https:\/\/taxi-ebersberg.de\/index.php?rest_route=%2Fwp%2Fv2%2Fmedia&parent=155"}],"curies":[{"name":"wp","href":"https:\/\/api.w.org\/{rel}","templated":true}]}}